e remainder when (-2)/18 - (-1194)/q is divided by 9?
4
Suppose q = -43 + 48, -5*q + 765 = 5*r. Calculate the remainder when r is divided by (-858)/(-44) - (-2)/4.
8
Suppose 6 = l + 2*i, 5*l + 3*i - 2 = 21. Suppose -n + 198 = y + l*n, 2*y - n - 429 = 0. Suppose -y = 13*p - 16*p. What is the remainder when p is divided by 9?
8
Calculate the remainder when 793 is divided by (-18)/12*(-6280)/12.
8
Calculate the remainder when (-8 + -30*(-4)/16)*-946 is divided by 131.
80
Suppose -5*p + 2*p + 864 = 0. Suppose -p = -31*i + 23*i. What is the remainder when 214 is divided by i?
34
Calculate the remainder when 99425/(-3395)*(-14)/5 is divided by (-222)/(-7) - 6/(-21).
18
Suppose 162*t - 45*t = 3393. Calculate the remainder when 954 is divided by t.
26
Suppose 43 + 53 = 8*r. Let b = 112 - 79. What is the remainder when 5/6*4/5*b is divided by r?
10
Let t = -5007 - -6422. What is the remainder when t is divided by 156?
11
Let u = -27787 - -41585. Calculate the remainder when u is divided by 276.
274
Let j(t) = -t**3 - 16*t**2 - 26*t + 28. Let c be j(-14). Let f(i) = -i**3 - i**2 - 6*i + 20. What is the remainder when 60 is divided by f(c)?
0
Suppose -1028 = -4*n - s - 3*s, 2*n - 2*s - 510 = 0. Let f = 296 - n. Calculate the remainder when 44 is divided by f.
4
Calculate the remainder when 1050 is divided by -7 - (0 + -2*(134 - 0)).
6
Suppose 22*o - 1337 = -831. Calculate the remainder when 300 is divided by o.
1
Let b be (30/8)/(2/(-224)*4). Let f = -72 - b. Suppose -3*l + 5*l - 196 = 0. Calculate the remainder when l is divided by f.
32
Let t(y) = -y + 1. Let v = 1162 - 1100. Calculate the remainder when v is divided by t(-12).
10
Suppose 0 = -8*c + 55 + 121. Suppose a - 2*h - c = 0, -5*h - 62 - 20 = -4*a. Suppose 95 = 2*p - 1. Calculate the remainder when p is divided by a.
12
Let l(d) = 148*d - 49. What is the remainder when l(20) is divided by 26?
25
Suppose -5*g = 5*j - 25, -3*g - 11 = -3*j - 2. Let o(y) = -3*y + 49. Let v be o(16). What is the remainder when (1 + j - -11) + (4 - v) is divided by 14?
5
Let k be (-6)/(-9) + 1437/(-9). Let a(y) = -y**2 - 18*y - 56. Calculate the remainder when (k/(-9))/(1/3) is divided by a(-5).
8
Suppose -51*d + 28236 = 130*d. Suppose -52 = -2*k + 28. What is the remainder when d is divided by k?
36
Let g(r) = 9*r - 2. Suppose 0 = 19*q + 2*q + 35154. Let x = 1686 + q. Calculate the remainder when g(4) is divided by x.
10
Let w(d) = 2*d**2 + 130*d - 241. What is the remainder when 372 is divided by w(-67)?
21
Let b = -113 + 123. Suppose 4*u + 9*g - 82 = b*g, -4*u = -2*g - 80. What is the remainder when u is divided by 20?
1
Suppose 0 = 2*y - 2 - 4. Let l(d) = -d**3 - 13*d**2 - 9*d + 12. Let u be l(-12). Calculate the remainder when (u/14)/((-96)/448) is divided by y.
2
Let v(o) = 2*o**2 - 222*o + 25. What is the remainder when 1398 is divided by v(0)?
23
Let j(v) = -3*v**3 - 17*v**2 - 43*v + 4. Calculate the remainder when 84 is divided by j(-3).
23
Let a = 66 + 25. Suppose a - 3 = z. Calculate the remainder when z is divided by 35.
18
Suppose 0 = 26*i - 16*i - 840. Calculate the remainder when 46 is divided by 7/4*(i - 80).
4
Let r = -370 + 383. Suppose -r*y = -57 - 229. Let n(x) = -x**3 + 8*x**2 + 11*x - 6. Calculate the remainder when y is divided by n(9).
10
Let h(j) = 148*j - 5178. What is the remainder when 1685 is divided by h(35)?
1
Let v be -9*-4*(-2)/(-6). Suppose -2*i = -v + 52. Calculate the remainder when (-808)/i - 1 - (-2)/(-5) is divided by 14.
11
Let m = -36016 + 36092. What is the remainder when 2718 is divided by m?
58
What is the remainder when 1225 is divided by -1*(-7 - -22) - -258?
10
Let f be 2/(-3)*(-375)/10. Let r(h) = -h**3 + 23*h**2 + 62*h - 17. Calculate the remainder when r(f) is divided by 49.
38
Let o(b) = -2*b**3 - 6*b**2 + 6*b - 2. Suppose 22*j - 89 = -221. Calculate the remainder when o(j) is divided by 12.
10
Let m(b) = b**2 - 14*b + 48. Let n be m(8). Suppose n = -6*a + 15*a - 171. Calculate the remainder when 34 is divided by a.
15
Suppose 0 = 4*x - 3*c - 123, -3*x - 3897*c + 3899*c + 94 = 0. Calculate the remainder when 338 is divided by x.
14
Suppose 4*d + 0*d + n = -15, 0 = 5*d + n + 20. Let y(s) = s**3 + 8*s**2 + 6*s + 14. What is the remainder when y(d) is divided by 24?
11
Let x = -1995 + 2244. Calculate the remainder when x is divided by 101.
47
Suppose 360 = -4*b - 4*x, 175 = -5*b - x - 291. Let m = b - -147. Calculate the remainder when m is divided by 18.
17
Let i(a) = a**2 - 18*a + 23. Let n(q) = 4*q**2 + 4*q + 3. Suppose -12 = 3*k - 3*h, -5*k + h - 14 = -h. Calculate the remainder when n(k) is divided by i(17).
5
Let o = -200 - -203. What is the remainder when 100 is divided by 17 + o + -3 - 0/7?
15
Suppose -2*z - 7 + 19 = 0. Let i be (142/z - 5)*(3 + 0). Suppose -b = -w + 4*b + 25, -4*b - i = -2*w. Calculate the remainder when w is divided by 16.
14
Let a(v) = 5*v**2 + v - 30. Let b be a(5). What is the remainder when (36/(-9) + b)*1 is divided by 14?
12
Suppose -26*o + 960 = -3070. Calculate the remainder when o is divided by 85.
70
Let l(c) be the first derivative of 7*c**3/3 - 2*c**2 - 3*c - 184. What is the remainder when l(-2) is divided by 2?
1
Let j be 44 - (4 - (1 - -5)). Suppose -j = -l - w, -w - 48 + 294 = 5*l. What is the remainder when l is divided by 25?
0
Suppose 4*b - 1156 = -t, 1785 = 5*t - 4*b - 3947. Calculate the remainder when t is divided by 33.
26
Let i = 10615 + -10032. Calculate the remainder when i is divided by 215.
153
Suppose 157 = 2*x + 3*n, -45 = -4*x + 5*n + 324. Calculate the remainder when x is divided by ((-14 - -7) + 5)*-10 - -2.
20
Let i = -77 - -85. Suppose i = -a + 63. Calculate the remainder when a is divided by 32.
23
Suppose -4*c + f = -3*c - 2*c + 1605, 0 = 9*f. What is the remainder when c is divided by 123?
6
Suppose 220*b = 222*b - 3*w - 1181, 4*w = b - 588. What is the remainder when b is divided by 53?
9
Let a(l) = -2*l**3 + 2*l**2 + 20*l + 4. Let m be a(-3). Calculate the remainder when 51 is divided by -2 + 20/m + (-275)/(-20).
12
Let c = -145 - -95. Let k = -23 - c. Suppose -k*s - 750 = -33*s. What is the remainder when s is divided by 16?
13
Let w(c) = -4*c - 130. Calculate the remainder when 177 is divided by w(-45).
27
Let z(c) = 3*c**2 + 12*c + 490. Calculate the remainder when z(-16) is divided by 134.
128
Let w(g) = -2*g**2 + 47*g - 5. Suppose 5*q - 4*d - 86 = 95, 5*d = 4*q - 152. Calculate the remainder when w(22) is divided by q.
28
Suppose 4*s - s - 3*o + 1428 = 0, s - 2*o = -477. Let f = 1003 + s. Calculate the remainder when f is divided by 23.
22
Suppose 3*h - 7121 = -j, -4*h - 7*j - 1918 + 11390 = 0. Calculate the remainder when h is divided by 22.
21
Let c = -122 - -130. Let b = -22 - -9. Let q = b - -44. What is the remainder when q is divided by c?
7
Suppose 1192 = -90*r + 92*r. Let z = 630 - r. Calculate the remainder when 163 is divided by z.
27
Let q(l) = l**3 - 11*l**2 - 16*l + 48. Let k be q(12). Suppose 5*d + 17*d - 198 = k. What is the remainder when 15 is divided by d?
6
Calculate the remainder when 318/(50/33 - 332/249) is divided by 321.
144
Let u = -173 + 246. Suppose 0 = -3*h - 4*l + u, -5*h = -4*l + 2*l - 139. Let t = 16 + -2. Calculate the remainder when h is divided by t.
13
Let g(a) = -18*a + 1. What is the remainder when ((-57)/4 - -2)/(-2 - 21/(-12)) is divided by g(-1)?
11
Suppose -6*o = -5*o + 4*v - 744, 0 = -2*o - 3*v + 1503. Suppose 0 = 414*d - 408*d - o. Calculate the remainder when d is divided by 26.
22
Let p = 10116 - 9702. Calculate the remainder when p is divided by 398.
16
Suppose -98 = -5*i + 12. Calculate the remainder when (-4)/(-12)*2571*(195 - 194) is divided by i.
21
Suppose 0 = 5*w - 231 + 11. Let s be (-40)/(-6) + 40/(-24) + -5. Suppose s = 148*l - 154*l + 144. Calculate the remainder when w is divided by l.
20
Suppose -174 = -5*p + 136. Let m = 4548 + -4365. What is the remainder when m is divided by p?
59
Let b(g) = 529*g - 2775. Calculate the remainder when b(9) is divided by 202.
168
Let u(x) = 4*x**2 - 11*x + 72. Let c(n) = -2*n**2 + 6*n - 37. Let s(y) = -9*c(y) - 4*u(y). Calculate the remainder when s(7) is divided by 4 + -4 + (-3 - -22).
16
Let w = 207 + -205. Suppose -25 = -w*t + 79. Calculate the remainder when 205 is divided by t.
49
Let b = -39 + 60.